 is -11 + (-7 + 5 + 12 - (1 + 3))?
-5
-7 - -8 - (2 + -39 + 9 + -7)
36
What is the value of 15 - ((-8 + 2 - -3) + -8)?
26
32 + -30 - (13 + -6)
-5
5 + (16 - 21) - 10
-10
Calculate 13 + -3 + -14 + (0 - -2).
-2
Calculate -81 + 80 - (-1 + -11).
11
Calculate -16 - -9 - (23 + -8) - 10.
-32
Evaluate 48 + -14 + 9 - 27.
16
What is the value of -1 + -3 - (-62 - -37)?
21
Evaluate (-3 + 14 - 12) + -1.
-2
1 - 0 - (20 - (50 + -21))
10
Calculate 68 + -61 + (2 - 10).
-1
Evaluate -6 + (15 - (-8 + 16)) - 19.
-18
Calculate (-14 + 1 + -11 - 2) + -4 + 9.
-21
Calculate 1 + 21 + -19 + 6.
9
What is (-43 - -7) + 0 - -2?
-34
What is 62 + -51 + -8 - (0 + 0 - 0)?
3
What is the value of 36 - (46 - (-18 + 18))?
-10
Evaluate (-9 - (-2 + -8)) + (1 - 9 - 2).
-9
Evaluate (5 - 0) + -68 + 64.
1
Evaluate -37 + -25 + 76 + -28.
-14
Calculate 12 - (-11 - -23) - (-15 + 1).
14
Evaluate 26 + (-40 - -11) - -22.
19
Calculate (10 - 4) + 4 - ((-5 - 1) + 10).
6
Evaluate (14 - -5) + -10 + -2.
7
-3 - ((3 - 16) + 9 + -24)
25
What is the value of 2 + 19 - (2 + 0) - 8?
11
What is the value of 9 + -46 + 26 + 17?
6
Evaluate 9 + (-14 - 0) + 5 - -8.
8
What is the value of 14 + (-1 + -4 - (-18 + 16) - -7)?
18
(-29 - -25) + (-2 - 1)
-7
Calculate 9 + -3 + 2 + 36 + (69 - 86).
27
Calculate -4 + (-7 + 0 - -1 - -20 - -1).
11
1 + (27 - 13) + -21 - 18
-24
11 + (18 - 18) + -7 + 2 + 0
6
Evaluate 198 + -217 + 1 + 6.
-12
What is -11 + (2 + -3 - 1 - -5) + 7?
-1
Evaluate -14 - (10 + -15 + (-13 - -16)).
-12
Evaluate 11 + -31 + 14 + 12.
6
What is the value of -26 + (32 - 32) + 15?
-11
Evaluate -1 + (0 + 8 - (51 - 21)).
-23
What is the value of (-6 - 0) + (4 - (3 - 3)) - 8?
-10
Calculate 3 - -7 - (6 - -12).
-8
4 - ((-5 - -6) + -11 + 8)
6
Calculate -4 + 3 + 4 + (-1 - 2) + -1.
-1
What is the value of -16 - ((2 - -1) + -15)?
-4
What is the value of (-80 + 44 - (3 - 0 - 9)) + 4?
-26
-7 + 22 + 2 + (-10 - (-2 + -1))
10
Calculate -34 + (19 - (5 - 3)).
-17
Calculate -227 - -248 - (3 + 0 - 3 - 2).
23
Evaluate 19 + (-14 - (-9 - -11)).
3
What is -9 - (-7 - -6 - 16)?
8
Calculate 27 - (9 + -10 + 16).
12
(7 - -3) + (-74 - -44)
-20
-7 + -19 - -26 - (7 + 2)
-9
(1 - -7) + -4 + 0 - -8
12
What is the value of (10 + -13 + -9 - 14) + 15?
-11
Evaluate -3 - (-9 - -6 - (-2 + 9)).
7
What is the value of -7 - (7 + -3) - (-16 + 7)?
-2
What is the value of (2 + 18 - 31) + 11?
0
What is 7 + -49 - -20 - -19?
-3
What is the value of -13 + 25 + 8 + -19?
1
What is -15 - (26 + 9 + -42)?
-8
-6 + 1 - (-4 - 14)
13
Calculate 4 + (-1 + 4 - (-3 + 0)).
10
What is the value of 3 - (-25 - -26) - (0 - -10) - -2?
-6
What is the value of -37 + 3 + (0 - (-36 - -22))?
-20
Evaluate (-51 - (0 - 1)) + 11 + (-67 - -66).
-40
Evaluate (96 - 96) + (-14 - -1).
-13
Calculate -16 - ((-2 - -8) + (-4 - 3)).
-15
Calculate 16 + (-18 - -23) + -9.
12
What is (8 - (-8 - (4 + -24))) + 19?
15
-18 + 13 + -2 - (-7 + 1)
-1
What is the value of 5 + (6 - (11 + -4))?
4
Evaluate (-11 - (-1 - 19)) + (-7 - -1).
3
Calculate 18 - (16 - 28 - -20).
10
(0 - (-6 + 0 + 2)) + -136 + 132
0
Calculate 22 + (-7 - 22) - 22.
-29
What is the value of 4 + 1 - 26 - (13 + -13 - 3)?
-18
Calculate -22 + 37 + (-4 - -1).
12
What is the value of -14 + 1 + 4 - -4 - 8?
-13
What is (20 + (15 - 45) - 2) + -24?
-36
Evaluate (-11 - (14 + -17)) + 2.
-6
What is the value of 10 - (10 - 3) - (8 - 7)?
2
Evaluate -14 - (-28 + 5 - (5 + -17)).
-3
Evaluate -17 - (11 - 19 - 18).
9
What is the value of 23 + -39 + 16 + -29?
-29
(-43 - 1) + -11 - -31
-24
What is the value of (1 - 31) + (-626 - -688)?
32
Evaluate -15 - (-10 - (10 + 13 + -2)).
16
What is the value of -3 - (-23 + 6 + (22 - 17))?
9
Evaluate -1 + -1 - (16 + 8 + -20).
-6
Evaluate 35 + -6 + -9 + -38.
-18
18 - ((-6 - -17) + 0) - 0
7
Evaluate -3 - 33 - (-15 - 0).
-21
What is the value of -14 + 30 + (-9 + 13 - 3)?
17
Evaluate 10 - (-10 + 3 + -8).
25
-3 - (10 - (13 - 20))
-20
What is the value of 10 + (8 + 2 + -3 + -3 - 1)?
13
-8 - 19 - (-12 + (21 - 3) - 17)
-16
What is the value of 16 - (3 - 5 - (1 + -9))?
10
What is (31 - 7 - 40) + 32?
16
What is 18 - (88 - 22 - 27)?
-21
What is the value of -18 + 17 + (-2 - 7)?
-10
Calculate -6 - (-24 + 10 + -16 + 11 + 0).
13
What is -6 + -9 + 9 - (-6 + -1 + 2)?
-1
Calculate -10 - -4 - -12 - 4.
2
What is -21 + -5 + (4 + 0 + 0 - 0)?
-22
What is 35 + 0 + 4 + -56?
-17
What is (-22 - 1) + -6 + 19?
-10
What is the value of 45 + (-26 - 1) + 1 + (2 - 3)?
18
Calculate -455 + 449 + (0 - -15) + 0.
9
Evaluate 12 - (3 + (3 + (-17 - -3) - -6)).
14
What is the value of (327 - 321) + (-3 - -1) + (-15 - -1)?
-10
What is -14 - (-10 - 0 - (5 + 11 + -23))?
-11
Calculate -16 + (4 - 5 - (-34 + 33)).
-16
What is the value of (8 - (-4 + 9)) + -1 + 8?
10
What is the value of -8 + (9 - 11) - (26 + (-3 - 3))?
-30
5 + -7 + (-14 - -2 - (-14 - -8))
-8
Calculate (-7 - (-12 - -28)) + 14.
-9
Calculate (-3 + 19 - 51) + 4 - -13.
-18
(5 - (9 + -10) - 2) + -11 + 24
17
What is -24 - (-9 - 11 - -1 - -11)?
-16
Evaluate -4 + -7 + 30 + -1 + -4.
14
Evaluate 10 + 1 - (-12 + 3) - 6.
14
What is (0 - 3) + 7 + (-10 - -25) + -25?
-6
Evaluate -4 - ((-6 - 17) + 11) - (-4 - 2).
14
What is (-4 - (0 + -3 + -6)) + -8?
-3
Evaluate -7 - (-2 + (-2 - 5)).
2
What is the value of 1 - -9 - (-57 + 64) - 6?
-3
Calculate (-1 - 2 - (4 - 1 - 1)) + -6.
-11
Evaluate -10 + (0 - (19 + -14)).
-15
What is -22 - -1 - ((-28 - -22) + (21 - 15))?
-21
4 + (-2 - -18 - (80 + -51))
-9
Evaluate 10 - (7 + -31 - (-3 + -10)).
21
What is the value of -9 - (-14 - (-5 + 5 + -5))?
0
Calculate (5 - (6 - 10)) + (10 - 12).
7
Evaluate -6 + (7 + 6 - -6) + (2 - 4).
11
-23 - (19 - -2 - 30)
-14
Evaluate 12 + 17 - 67 - -2.
-36
What is the value of (-40 - -14) + 80 + -33?
21
Calculate -9 - -2 - (7 - 18 - 2).
6
Evaluate -3 - 1 - (2 + 1 + -5 + -5).
3
What is 538 + -511 + (-50 - 1)?
-24
What is the value of -15 + (-7 - -6) + 6 + 14?
4
What is the value of 12 + -16 + (2 - -6 - -4)?
8
Calculate 695 - 683 - (2 - 1 - -3).
8
What is the value of 48 + (-16 - 6) - 28?
-2
(33 - 22) + (-1 - (2 - -10))
-2
Calculate 21 + -49 + (11 - -3) - -17.
3
(0 - -2) + 11 - (-19 - (-17 - 5))
10
Evaluate (12 - 116) + 72 + -1 + 11.
-22
Evaluate 7 + 2 + (12 - 11) - 11.
-1
Evaluate 0 + 14 + -10 + (17 - 11).
10
Evaluate 9 + -8 + 14 + -14 - 15.
-14
What is the value of (7 - -5) + -9 - (-3 + (3 - -3))?
0
What is 14 - (2 + 39) - (-9 + 1 + 1)?
-20
Calculate 1 + 1 - (12 - (0 - (-21 + 10))).
1
Evaluate -4 - -16 - (-10 - (-4 - -5)).
23
(24 - 1) + -2 + (-36 - 15 - -43)
13
9 + (37 + -74 - -21)
-7
-2 + -3 + 2 - (4521 - 4528)
4
Calculate 16 + (-1 - (-3 + 9)).
9
5 - (13 - (7 + -4 + 2))
-3
Evaluate 2 + (-4 - -9) + (14 - -1) + -22.
0
Calculate 1 + -23 - (-19 + (-22 - -30)).
-11
What is -1 + -8 + (3 - -5)?
-1
Calculate (1 - -2) + -4 - (4 + 27 - 8).
-24
(-8 + 8 - 12) + (-3 - -7)
-8
What is the value of (-34 - -31) + (-5 - 12) - 10?
-30
What is 30 + (38 - 10 - 62)?
-4
Calculate -15 + (3 - -10) - 20.
-22
Evaluate 4 + -8 + 10 + 1 + -4 + -1.
2
-3 + -1 + (0 - 2)
-6
-2 + (15 - (-4 - -3)) + -20
-6
Evaluate 11 + (-12 + 10 + -32 - -5).
-18
9 + 8 + -10 + -1 + (-3 - -5)
8
What is -4 + (-8 + 2 - 2) + (-461 - -471)?
-2
What is -37 - (-9 - 5 - -3)?
-26
14 + -47 + 16 + -9
-26
What is the value of 100 + -92 - (2 - -4 - -3 - 1)?
0
What is 667 + -663 + (0 - 25)?
-21
What is -37 + (-8 - (-4 + -1) - -10) + 1?
-29
Evaluate (-8 + -8 + -16 - 1) + 7.
-26
9 - (6 + -27) - 16
14
Calculate -6 - -6 - ((-2 - -1) + (-20 - -21)).
0
What is 0 - (7 + (-7 - -3 - 8))?
5
What is the value of 37 + (-4 - 2 - (-56 - -55)) - 8?
24
Calculate -1 + 4 - (-28 + 18 + (-6 - -12)).
7
Calculate 0 + 6 + (-1 - 1) + (-47 - -41).
-2
Evaluate -35 + (5 - 4) - (0 + -11).
-23
Calculate 2 - 14 - (38 - 53 - -20).
-17
Calculate 21 + 4 + (66 - 85).
6
Calculate (-30 - (36 - 38)) + 8 + -1.
-21
-3 + (-13 - -12) + -1
-5
Calculate 32 - (-2 + 18 - 15).
31
What is the value of (-4 - (-4 + -22)) + -47?
-25
What is the value of 34 + -17 + -1 - 26?
-10
Calculate (13 - 1 - (19 - 12 - 1)) + 4.
10
-4 - (-14 - (-6 + -6)) - (0 - -2)
-4
What is the value of -15 + (-25 - (-5 - 8) - -26)?
-1
(8 + -8 - -5) + 18 - 11
12
What is -8 - (-8 - (-41 + 15))?
-26
-14 - -1 - (13 - (28 - 17))
-15
What is -3 + 12 + (-11 - (-15 + -6))?
19
Calculate -4 + -10 - -6 - 2.
-10
0 + -2 - 14 - -23
7
5 + -4 - (78 - 89)
12
What is the value of 2 + (-11 + 8 + -1 - (-4 + -1))?
3
Evalu